et n(f) = -5*d(f) - 4*v(f). Is n(-2) a composite number?
False
Let n(i) = -i**2 - 13*i + 15. Let d be n(-13). Let p(q) = d*q**2 - 32*q - 44*q**2 - 29 + 10*q**2 + q**3 + 2*q. Is p(21) a prime number?
True
Let y(g) = -331*g**3 + 9*g**2 + g + 29. Is y(-6) prime?
True
Suppose -14481 - 5146 = 19*u. Let s = 6618 + u. Is s prime?
False
Suppose 260*g - 24473209 = -1934069. Is g composite?
False
Let w(h) = 22238*h + 807. Is w(5) a prime number?
True
Let q(r) = -5*r**3 - 2*r**2 + 5*r + 7. Let y(a) = 5*a**3 - 5*a - 7. Let s(l) = -3*q(l) - 4*y(l). Is s(-4) composite?
True
Suppose 0*z + t = -z + 39, 9 = z - 5*t. Let d(h) = -h + 71 - z - 36 + 157*h**2. Is d(-2) a composite number?
False
Let t = -45 - -49. Suppose -5*r = 5*z + 15, 4*r - t*z = -3*z - 2. Is (149 - 12)*(-5)/r prime?
False
Let n(r) = -36789*r - 1868. Is n(-7) composite?
True
Suppose 12*x - 56948 = 33808. Let t = x - 5242. Is t prime?
False
Suppose 23*j - 7152990 = 13*j - 20*j. Is j prime?
False
Let y be 1/2*100/5. Suppose 0 = -6*o + 14 + y. Suppose 0 = -5*m + o*m + 457. Is m prime?
True
Let g(n) = -2778*n**3 - n**2. Let z be g(-1). Suppose -5*q - 2843 = -5*w + z, 4*w - 4495 = 3*q. Is w composite?
False
Let y = 34236 - -104785. Is y prime?
True
Is (-4)/(-6)*(-5808792)/(-176) prime?
True
Suppose -78*c + 34*c = -337524. Is c a composite number?
True
Let v = -36 - -24. Is (-3)/v - 1 - (-5390)/8 a composite number?
False
Suppose 4*k - j = 48232, -84*j = -80*j - 16. Is k prime?
False
Suppose -258453 = -3*y + 31*j - 27*j, 0 = 2*j - 6. Is y a prime number?
False
Let f = 53 - 22. Let i(j) = -16*j + f*j + 9*j**3 + 4 - 4*j**2 - 19*j. Is i(5) prime?
True
Suppose -27*q + 295 = -5*b - 30*q, q = 4*b + 236. Is (b - 0)*3772/(-92) composite?
True
Suppose 0 = 7*b - 16 - 5. Suppose 4*m - 10 + 0 = -b*c, 0 = 4*c - m - 7. Is (29/c)/((-11)/(-506)) prime?
False
Let j = 3999128 - 1746729. Is j a prime number?
True
Is ((-1017574)/3 - 1)*(591 - 594) a prime number?
False
Suppose -246 = 4*d + 2*i, -d - 4*i - 51 = -0*d. Let u = 77 + d. Let l = u + 1935. Is l composite?
False
Let w(t) = -8*t**2 - 13*t + 70. Let y be w(16). Let b = y - -3529. Is b a prime number?
False
Let q = -1761 + 2402. Is q a prime number?
True
Suppose -o = 5*d - 25, -15 = -3*o - 0*d + 5*d. Suppose 0 = 2*v - 4 + o. Is 3688/(5 + -3) + v a prime number?
False
Suppose 27*o - 25*o = 46554. Is o a composite number?
True
Let d(u) = 399*u - 4. Let l(z) = -6*z - 22. Let r be l(-4). Suppose y - r = -i, i - 2*y - 18 + 7 = 0. Is d(i) a prime number?
False
Let h be (-1272)/(-5)*20/6. Suppose -l + k + 157 = 0, -3*l - 5*k - 55 = -526. Let d = h - l. Is d a composite number?
False
Suppose -16*m = 5*d - 11*m - 150, -126 = -5*d + 3*m. Is (-22662)/d*(-2)/4*3 prime?
True
Let y(j) = -43*j**3 - 24*j**2 - 118*j + 37. Is y(-18) a prime number?
False
Let l(n) = 4*n + 42. Let z be l(-11). Let t be 6 + 1*(-5 - z). Suppose -4*g - 4 = -t*g, 5*g = -u + 339. Is u a composite number?
False
Let u be 64/(-10) - 48/80. Let b be 6 + u - (1 + -1589). Suppose 4*r + b = 7*r. Is r composite?
True
Let y(a) = 1027*a - 1003*a + 18*a**2 + 57*a**2 + 6 - 10*a**2. Is y(7) a composite number?
False
Suppose r + 2*y = 143817, 0 = -3*r - 5*y + 87350 + 344096. Is r a prime number?
True
Let p = 559122 - -48997. Is p a composite number?
True
Let c be (0 - 0)/(15 - 16). Suppose c = 2*l + u - 14, -3*l - 3*u = -2*u - 19. Suppose -l*x - 3*t + 5776 = 0, x = t - 6*t + 1142. Is x composite?
True
Suppose x = 5*h - 1082108, 0 = -12*x + 11*x - 3. Is h a composite number?
False
Let s(c) = 29*c**3 - 1 - c**2 - 468*c**3 + 142*c**3 - 2*c - 326*c**3 - 356*c**3. Suppose 2*d + 0*d - m + 7 = 0, -d - 11 = -2*m. Is s(d) a prime number?
False
Let k(q) = 459*q**2 - 177*q + 445. Is k(52) a composite number?
False
Let j be 141 + 18/3 + -3. Is 2/16 - (-396990)/j a prime number?
False
Let r = 78034 - 33167. Is r composite?
False
Suppose 0 = 3*n - r - 59716, -11744 + 91397 = 4*n + 5*r. Let z = n - 10750. Is z a prime number?
True
Is (34387 - -2)*(-34)/(-102) composite?
True
Let m be 3/(-2)*(-4)/3. Suppose -18*u + 72 = -18. Suppose -m*k + 4*o - 169 = -767, -u*k + o = -1495. Is k composite?
True
Let u(w) = -957*w**3 - 6*w**2 + 11*w + 71. Is u(-6) a prime number?
True
Let q(j) = -4*j**2 - 370*j + 6*j**3 - 389*j + 0*j**3 + 777*j + 41. Is q(12) prime?
False
Let l = 399891 - -36538. Is l a composite number?
True
Let q(s) = 361*s**3 + 4*s**2 + 3*s. Let z be q(-1). Let i = 2559 + -46. Let m = z + i. Is m a prime number?
True
Let i be (6/(6/7))/((-2)/(-15802)). Is (-3)/((-55328)/i + 1) composite?
False
Let s be (-35)/(-14)*2612/5*2. Let z = -1601 + s. Let j = z + -644. Is j composite?
False
Let k(a) = 19*a**2 - 32*a**2 + 11*a**2 + a**3. Let x be k(2). Suppose -5*q + 264 = -4*p + 6*p, -p + 2*q + 123 = x. Is p prime?
True
Let b(d) = -16369*d - 183. Is b(-8) prime?
True
Suppose 5*h = 2*a + 30, 3*a = 4*h - 108 + 84. Let r be (9/(-2))/(6/1336). Is h/(-2) - r/3 a prime number?
True
Suppose 201*v + v = 67470222. Is v a prime number?
False
Suppose -2*a + 4614 = -10210. Suppose b - 2499 = -4*w, -5*w - a = -b - 2*b. Is b a prime number?
False
Let r(d) = -d**2 - 12*d - 17. Let b be r(-8). Let n be (b + 1)*(-2 - -4). Let c = 551 + n. Is c a composite number?
True
Suppose 3*y - 1761 - 1391 = 4*f, f + 2103 = 2*y. Let v be (-6)/(-4) - 3/(-6). Is v/(-4)*(-6 - y)/1 composite?
True
Is -2*5/10*(-12 - (0 - -230915)) a prime number?
False
Suppose 5 - 30 = 5*g. Let v(b) = -406*b - 81. Is v(g) prime?
True
Let q = 255 - 204. Suppose 48*y - q*y + 17007 = 0. Is y prime?
True
Suppose -5*i + o = -1087386, -137*o + 142*o = -5. Is i a composite number?
True
Is ((-2)/9)/((-416)/19058832) a prime number?
True
Let w = -426 + 506. Suppose 292281 = -29*m + w*m. Is m a prime number?
False
Suppose 7*h - 160 = 2*r + 2*h, 5*h = 5*r + 400. Let x = 85 + r. Suppose x*b - 56 = b. Is b prime?
False
Let j(r) = -4*r - 8. Let s = -68 - -65. Let u be j(s). Suppose w - 1357 = -5*x, -w + u*w + x = 4043. Is w composite?
True
Let l(t) = -4*t**3 + 4*t**2 + 5*t + 26. Let u(i) = -2*i**2 - 37*i - 29. Let x be u(-18). Is l(x) prime?
True
Let h = -98 + 101. Suppose -4*f = -h*f - 2*q + 706, 2*f - 3*q = -1414. Let m = f - -1003. Is m composite?
False
Let q(u) be the first derivative of u**4/4 - 17*u**3/3 - 17*u**2/2 - 16*u - 17. Let i be q(18). Let j(c) = 369*c**2 - 3*c + 1. Is j(i) composite?
False
Let w be (27/2)/(1/402). Suppose -8*h = h - w. Let o = -354 + h. Is o a composite number?
True
Suppose -3*g + 587520 = -3*a - 602931, -396793 = -g - 3*a. Is g prime?
False
Let m = -1036068 - -1825135. Is m prime?
True
Let c be -4*(4 + -4 + -1). Suppose 2 + 3 = f, 5*h - c*f = 4845. Suppose 3*s + q = 1452 - 455, 3*s - h = 5*q. Is s composite?
False
Let g(p) = -350*p**2 + 5*p - 5. Let q(z) = 1051*z**2 - 14*z + 14. Let m(u) = 11*g(u) + 4*q(u). Is m(2) composite?
True
Let g(d) = 44*d**2 + 10*d + 19. Let r(u) = -43*u**2 - 10*u - 21. Let v(o) = 5*g(o) + 4*r(o). Is v(8) a prime number?
True
Suppose -564554 = -3*k + 117253. Is k composite?
True
Let s(u) = u**2 + 10*u - 5. Let t be s(-10). Let d be (-1)/(1/(2 + t)). Suppose 624 = d*o - 45. Is o composite?
False
Let s(b) = -29237*b - 4645. Is s(-24) a composite number?
True
Let x = -208 - -620. Let m = x - 784. Let d = -113 - m. Is d a composite number?
True
Suppose 525 = -130*d + 137*d. Suppose -6781 = -7*b - d. Is b a prime number?
False
Suppose 3*p + 81966 = 3*x, 4*x + 3*p - 72738 = 36557. Is x a prime number?
False
Let j(i) = -42986*i**3 + 25*i + 24. Is j(-1) composite?
True
Let t be (-3)/6 - 2637/(-2). Suppose -8*x - 29799 = -17*x. Let v = x - t. Is v a prime number?
True
Let i(u) = u**3 + 7*u**2. Let d = 39 - 46. Let n be i(d). Suppose 5*t - 22 - 173 = n. Is t composite?
True
Suppose 2376542 - 742202 = 60*k. Is k composite?
False
Is (66 + -208)*(2 + 0 + 3514/(-4)) prime?
False
Let q(h) = 17*h - 3*h**2 + 4*h**2 + 3*h**2 - 3*h**2. Let p be q(-17). Suppose -2*w + 3*z + z + 1846 = p, -4*w + z + 3657 = 0. Is w prime?
False
Suppose 554*p - 120126 = 548*p. Is p a prime number?
True
Let n = -7104 + 33395. Is n composite?
True
Suppose -2*l - 2*g + 1 = 19, 3*l + 5*g + 37 = 0. Let n(o) = 186*o**2 - 9*o - 17. Is n(l) prime?
False
Let a = -136 - -198. Suppose -3*h - a = -74. Suppose 0 = 3*y - 2*c - 249, h*c = -y - c + 83. Is y composite?
False
Let c = -196 - -195. Is 6